uppose -2*c = 8, 7*q - 6*q + 3*c = 36. What is the highest common factor of 160 and q?
16
Let r(f) = -f + 15. Let q be r(12). Suppose q*h = -0*h + d + 482, -5*h - d = -798. Calculate the greatest common factor of 20 and h.
20
Let b be -7 - (-2)/(10/275). Calculate the greatest common factor of 12 and b.
12
Suppose -5*o + 1692 = -3*s, -4*o + 3*s + 1327 + 29 = 0. Calculate the highest common factor of o and 21.
21
Let w be (-4)/14 + (-32)/(-14). Let r be (-6)/(-10)*(-120)/(-18). Suppose 2*k - r = 0, x + 0*k - 19 = w*k. What is the highest common factor of x and 69?
23
Suppose 42*t = 4*c + 37*t - 2295, 0 = 2*c - 4*t - 1152. Calculate the greatest common divisor of 30 and c.
30
Let g = -6 - -11. Suppose -h - 3*m + 148 = 0, 4*h - g*m - 38 = 588. Calculate the highest common divisor of 14 and h.
14
Suppose 2*q = y + 94, 55 + 21 = -y - 4*q. Let d = y - -93. What is the greatest common divisor of d and 35?
5
Let i be (-3)/(-5) - (-1235)/25. Let l be ((-24)/48)/((-1)/i). What is the highest common factor of 225 and l?
25
Let m = 11 - 9. Suppose 3*a = -m*a - 100. Let n = -3 - a. Calculate the highest common factor of n and 17.
17
Suppose -98 = 5*l - 138. Calculate the greatest common divisor of l and 36.
4
Let l(q) = 5 + q**2 + 5*q - 7 + q**3 - 5*q**3 - 3. Let r be l(-5). Suppose 9*z = 4*z + r. What is the greatest common divisor of 11 and z?
11
Suppose 2*t = 5*j - 7 + 18, -4*j = -4. Let x(b) = -b**3 + 9*b**2 - 8*b + 11. Let v be x(t). What is the highest common divisor of v and 143?
11
Suppose 94 = -2*s + 30. Let p = s - -42. What is the greatest common divisor of p and 50?
10
Let k be 153/21 + 0 + (-4)/14. Calculate the greatest common factor of k and 315.
7
Suppose 4*r = 4*a + 12, -30 = -r - 2*r - 4*a. Suppose -c - r + 7 = 0. Let k be -1*(c - 4) - -142. What is the highest common factor of k and 29?
29
Suppose -24*s + 402 = -1326. What is the greatest common divisor of 144 and s?
72
Let i = 63 + -35. Let u = -267 - -407. Calculate the greatest common divisor of i and u.
28
Let a(h) = -h**3 - 10*h**2 - 8*h + 6. Let k be a(-9). Let s be -2*1/3*k. Let c be (-44)/(-11)*15/12. What is the greatest common divisor of c and s?
1
Let w be (-4 - 0)*(-10)/4. Let q be (-4)/3*18/(-12). Suppose 110 = -d + q*d - 5*i, 2*i = 0. What is the greatest common factor of d and w?
10
Let o be (-38120)/(-80) + 3*1/(-2). Suppose 6*a = 1609 - o. What is the highest common factor of a and 21?
21
Let r = -14 - -12. Let c(n) = -n**2 - 4*n - 1. Let b be c(r). Let k be (-82)/(-6)*b + 4. Calculate the highest common factor of 30 and k.
15
Let q(r) = -r**3 - 4*r**2 + 3*r - 5. Let x be 4/(-2) + -6*2/4. Let z be q(x). Calculate the greatest common divisor of 25 and z.
5
Suppose -16*v + 21*v + 5*j - 565 = 0, -4*v - 3*j + 455 = 0. Calculate the greatest common divisor of v and 174.
58
Let x(j) = 5*j - 6*j + 7 + j + j. Let k be x(13). Calculate the greatest common factor of k and 30.
10
Let y = 84 + 6. Suppose -k - 6*l - 5 = -3*l, -3*k - 4*l + 10 = 0. Calculate the highest common divisor of y and k.
10
Suppose k + 30 = 49*s - 48*s, 4*s - 119 = 3*k. Let q = 299 + -183. Calculate the highest common factor of q and s.
29
Suppose -93 = -4*u + 39. Calculate the greatest common factor of u and 66.
33
Let c be (-5)/((-5)/(-4)) + (0 - -3). Let t be 12/(c/2*(-40)/10). Suppose -3*q = -5*v + 57, q + 2 + 2 = 0. What is the greatest common divisor of t and v?
3
Suppose 179 = 8*y - 245. Let b = y - 34. Calculate the highest common factor of b and 76.
19
Suppose 808 - 728 = 5*o. What is the highest common divisor of o and 3088?
16
Let y(m) = 4*m + 9. Let x be y(5). Suppose -161 = -h - 4*q, 0*h - h - 2*q + 153 = 0. Calculate the highest common divisor of h and x.
29
Let q be -27*(3 + 112/(-24)). Calculate the highest common factor of q and 10.
5
Suppose w + 4*w - 640 = 0. Let t(h) = 16*h**3 - 2*h**2 + 2. Let i be t(1). Calculate the greatest common factor of i and w.
16
Suppose 0 = 4*d - 2*r - 8, -5*d + 7*r = 4*r - 10. Let s = d + -1. Suppose -138*c - 21 = -145*c. Calculate the greatest common divisor of s and c.
1
Let a be 111/6 + (-8)/(-16). Suppose -a - 1 = -2*u. What is the greatest common divisor of u and 4?
2
Let u = -32 + 24. Let i(k) be the second derivative of -k**3/2 - 9*k**2 - 3*k. Let a be i(u). What is the highest common factor of a and 48?
6
Let w(s) = -s**3 + 9*s**2 - 12*s - 9. Let x be w(7). What is the highest common factor of 55 and x?
5
Let v = 52 - 50. Suppose -v*l - 21 = -83. What is the greatest common divisor of l and 93?
31
Let z = 24 - 17. Suppose -2*x - 10 = -z*x. Suppose 5*t + 4*g = 266, 7 = 3*t - x*g - 135. Calculate the highest common divisor of t and 20.
10
Suppose -2*t + o + 3 = -56, 3*o = -t + 19. What is the highest common factor of 238 and t?
14
Let b = 426 - 420. Calculate the greatest common factor of b and 39.
3
Let r(f) = -f**3 - 18*f**2 - 16*f + 19. Let w be r(-17). Suppose -2*o = -w*c + 58, 2*o - o - 2 = 0. What is the greatest common factor of c and 155?
31
Suppose 0 = -3*z + z + 6. Suppose 4*k - z*l - 21 = -4*l, 2*l = -k. Suppose 3*o = k*o - 27. Calculate the highest common divisor of o and 9.
9
Suppose 2*j + j = 513. Suppose -5*o = t - 372, 0 = -5*o + 5*t + j + 219. Let r = -31 + o. Calculate the highest common factor of r and 11.
11
Let z(h) = -54*h**3 - 4*h - 4. Let p be z(-2). Let a be p/6 + -2 - 32/48. Calculate the highest common divisor of 14 and a.
14
Let p(w) = -w - 1. Let r(a) = 12*a + 2. Let n(t) = 8*p(t) + r(t). Let z be n(5). Calculate the highest common divisor of 14 and z.
14
Let c = 94 - 92. What is the greatest common divisor of 2 and c?
2
Suppose n = 4*y + 343, -5*y + 252 = -8*y - n. Let c be (-34)/y - 126/(-10). Let m = 36 - 23. Calculate the highest common divisor of m and c.
13
Let p = -196 - -217. Calculate the highest common factor of p and 77.
7
Suppose -268 = -4*t - 0*t. Let d be t - (0 + -4 + 1). Suppose 0*c + d = 5*c. What is the greatest common divisor of 154 and c?
14
Let k(v) = -11*v - 30. Let p be k(-4). Suppose z - 2*z + 21 = 0. Calculate the highest common factor of z and p.
7
Let p = 25 + -25. Let n be (p/2)/(6/(-3)). Suppose n = -6*v + 140 + 238. What is the greatest common divisor of 7 and v?
7
Let z = -8 - -12. Let h = -1 - z. Let o be 8/(-20)*h - -24. What is the highest common divisor of 13 and o?
13
Suppose -2*p + 6*p = 28. Let d(b) = 4 + b + 3 - 5*b + b**2 + b. Let m be d(p). What is the greatest common factor of m and 7?
7
Let m = -1614 + 1638. What is the highest common divisor of 1704 and m?
24
Let j = 11 + 4. Let v = -14 + j. Suppose 4*r = 71 + v. Calculate the greatest common divisor of 12 and r.
6
Let h(a) = 3*a + 73. Let n be h(7). Let v be n/5 + 88/(-110). Calculate the greatest common divisor of v and 234.
18
Let n(p) = -11*p + 5. Let g be n(-5). Let c = g + -38. Let j be 9/36 - 14/(-8). Calculate the highest common divisor of c and j.
2
Suppose -97 - 87 = -h. Let v = -96 + h. What is the greatest common factor of 22 and v?
22
Let g be (198/(-55))/((-4)/10). Suppose 3*k - g = 3. Suppose -5*m + 157 = -23. Calculate the highest common factor of m and k.
4
Suppose 0 = 4*o - 2*o - 32. Suppose 7*k = 11*k - 176. Let z = k - 42. Calculate the highest common factor of o and z.
2
Let f(o) = -21*o**3 - o**2 + o + 1. Let m be f(-1). Suppose l - m = 3. Suppose -48 = -l*d + 21*d. Calculate the highest common divisor of 8 and d.
8
Let b be 31 - (-6 - (0 - 4)). Let n = b - 25. Calculate the highest common factor of n and 20.
4
Let v be 507/(-26)*60/(-9). Calculate the highest common divisor of v and 65.
65
Let l = -11 - -12. Suppose -4 = 5*z + l. Let a(t) = -20*t + 1. Let d be a(z). Calculate the highest common factor of d and 210.
21
Let p = -234 - -244. Suppose -4*q + 408 = -2*k, -488 = 5*q - 10*q - 3*k. Calculate the greatest common divisor of q and p.
10
Suppose 4*k - 5*v - 2629 = 1607, -5*k + 5324 = v. Suppose -3*h + 5*w = -812, -3*w + w - k = -4*h. What is the greatest common factor of h and 33?
33
Suppose 346 = 3*m + 2*h, 3*h - 210 - 135 = -3*m. What is the greatest common divisor of 87 and m?
29
Let j(h) be the second derivative of -h**4/12 + 7*h**3/3 + 2*h**2 - 18*h. Let t be j(12). What is the greatest common divisor of 112 and t?
28
Suppose 0 = -4*w - 0*w - 4*l - 24, 24 = -3*w + 3*l. Let i = w - -36. Let v be 101